 - 2*w(u). Give t(r).
8
Let r(u) = -2*u - 9. Suppose 328 = 4*o + c, 2*c + 304 = 4*o - 3*c. Let g be (4/6)/((-9)/o). Calculate r(g).
3
Let j(k) = -k**2 + 6*k - 4. Let i be (20/5 - 2) + 4. Give j(i).
-4
Let h(a) = -7*a**2 + 7*a - 4. Let r(b) = -20*b**2 + 20*b - 11. Let g(d) = 17*h(d) - 6*r(d). Suppose 3*u + s = 2, 2*s - 8 = -2*s. Calculate g(u).
-2
Let k(n) be the second derivative of -n**4/12 + n**3 + 2*n**2 + 30*n + 2. What is k(7)?
-3
Suppose -6*t = -4*t. Suppose -2*c = -0*c + 4*z - 12, t = 5*z - 5. Let x(f) = -f**3 + 3*f**2 + 3*f - 1. What is x(c)?
-5
Let x(u) = 3*u**3 + 1. Suppose -c - 4*i = -9, 3*c + 4 = 2*i + 3. Calculate x(c).
4
Suppose -3 = h - 5. Let q be -2*(h + -3)*1. Let x(r) = -3*r**3 + 3*r**3 - 4*r**2 + r**3 + r. Give x(q).
-6
Let u(n) = -n**2 - 1. Let g(w) = 7*w**2 - 7*w + 12. Let k(m) = -g(m) - 6*u(m). Calculate k(5).
4
Let j(v) = 13*v - 1. Suppose -5*l + 4 = -l. What is j(l)?
12
Let p be (-113)/(-5) - (-14)/35. Suppose 0 = 4*c + p + 1. Let y(m) = m**2 + 6*m + 7. Calculate y(c).
7
Let b(v) be the first derivative of v**3/3 - v**2/2 - 1. Let z = 31 - 28. What is b(z)?
6
Let f(k) = -6*k**3 + k**2 + k + 1. Suppose 4 = 5*d - 9*d. What is f(d)?
7
Let k = 3 - 1. Let a be 1*(-5)/2*k. Let y(w) = -w - 2. Give y(a).
3
Let t(a) = 6*a**2 - 4*a + 5. Let x(c) = 7*c**2 - 5*c + 6. Let p(d) = -5*t(d) + 4*x(d). Give p(-1).
-3
Let d(n) = -5*n + 1. Suppose -q + 5*t + 11 = t, 4*t + 17 = -5*q. Give d(q).
6
Let u(b) be the second derivative of b**4/12 - 7*b**3/6 + 7*b**2/2 + 8*b. Give u(6).
1
Let i = -58 + 49. Let n(s) = s**2 + 10*s + 9. Calculate n(i).
0
Let f(l) be the third derivative of -l**5/60 - l**4/6 + l**3/3 - 4*l**2. Calculate f(-4).
2
Let j(s) be the second derivative of 1/60*s**5 + 0*s**2 - 1/6*s**3 - 2*s + 1/24*s**4 + 0 - 1/72*s**6. Let z(q) be the second derivative of j(q). What is z(-1)?
-6
Let l(i) = -4*i**2 - i - 1. Let g = 21 + -11. Suppose 5*j - 5*b = -g, -j = -0*j + 5*b + 32. Let z = 6 + j. Calculate l(z).
-4
Suppose 8 = -2*f + 4*f. Let h be (0 - (f - 5))*-5. Let x(t) = -t**3 - 6*t**2 - 5*t + 7. Determine x(h).
7
Let k(f) = -f - 3. Let c be 0/(-4*(-1)/(-2)). Suppose c*s - s = -6. Let d be (s/(-8))/((-4)/16). Determine k(d).
-6
Let t(d) = d + 11. Suppose 55 = -7*h - 1. Calculate t(h).
3
Suppose 0 = -5*u - 0*u - 2*j + 24, 0 = -5*u + 3*j + 14. Suppose 15 = -u*f + f. Let x(g) = -2*g + g**2 + 6*g + 2*g + 5. Determine x(f).
0
Suppose -2*l + 10 = -4*c, 4*l + l - 2*c = 17. Let k(v) be the third derivative of v**5/60 - 7*v**4/24 - 5*v**2. Calculate k(l).
-12
Let t(o) = -o**2 - 2. Suppose 4*v + 2 + 12 = -5*s, -4*s + 2*v - 6 = 0. What is t(s)?
-6
Let q(h) = 2*h**2 + 3*h - 3. Suppose -12 = t + 6. Let f be (-18)/24 + t/8. Calculate q(f).
6
Let h(p) = -3*p. Suppose 4 = -0*o + 2*o. Suppose 4*c - o = 6. Let y = 3 - c. Give h(y).
-3
Let k(m) = -2*m**3 - 2*m**2 + 2*m - 1. Let n be k(1). Let h(q) = -q**3 - 4*q**2 - 5*q - 2. Give h(n).
4
Suppose -3*n - 2 = 10. Let t(k) = -k**2 - k - 1. Let p(b) = 5*b**2 + 8*b. Let q(i) = p(i) + 4*t(i). What is q(n)?
-4
Suppose -14 = 35*l - 37*l. Let s(u) = u**3 + 7*u**2 + 3*u**2 + u - 3*u**2 - 2*u**3 - 9. What is s(l)?
-2
Suppose -37 = -3*o - 5*m, 3*o - 27 = 2*m - 5*m. Let s(k) = -4*k - o + 4*k**2 + 5*k**3 - 12*k**3 + 8*k**3. What is s(-5)?
-9
Let w(j) be the second derivative of -j**6/60 - j**5/30 + j**4/24 - j**3/3 - 3*j**2/2 - j. Let b(h) be the first derivative of w(h). Calculate b(-2).
4
Let k(w) be the second derivative of 1/6*w**3 + 0 - w + 1/360*w**6 + 0*w**2 - 1/40*w**5 - 1/24*w**4. Let f(r) be the second derivative of k(r). Determine f(4).
3
Let g be ((-4)/(-8))/((-1)/(-2)). Let b be g*-3 + 12/1. Let p(n) = n - 5. Let m be p(b). Let k(z) = z**2 - 3*z + 2. Determine k(m).
6
Let a(u) be the third derivative of u**4/8 + 2*u**3/3 + 2*u**2. Let n be 15/6*-1*2. Let h = n - -2. Determine a(h).
-5
Let u(x) = -x + 9. Let v be u(7). Let j(m) = 33*m - 1 - 35*m + v. Calculate j(-5).
11
Let x be (-10)/(-15) - 10/(-3). Let u(g) = -g - 2*g + 4*g - 3. Calculate u(x).
1
Suppose 18 + 22 = -4*c. Let a(o) = o**3 + 11*o**2 + 10*o + 1. Give a(c).
1
Let q(t) = -3*t - 4*t**2 + 9 + 3*t**2 + 11*t + 2*t**2. Let z be q(-6). Let b be 0 + 1 - (8 + z). Let u(r) = r**2 + 4*r - 4. Determine u(b).
-4
Let i(f) be the third derivative of -f**5/60 - f**3/2 + 11*f**2. Let y be 5/2 + 1/2. Suppose -y*b = -0*b. What is i(b)?
-3
Let u(g) = -4*g**3 - 3*g**2 + g + 4. Let i(p) = p**3 + p**2. Let z(h) = 5*i(h) + u(h). Determine z(-3).
-8
Let q(j) = j**2 + 7*j + 7. Let s be q(-6). Let i be 4 + -2 + (2 - 2). Let m(a) = -i*a + 0*a - 2 + 1. Give m(s).
-3
Let k(p) = -p**3 - 6*p**2 - 6*p + 1. Suppose -39 + 24 = 3*c. What is k(c)?
6
Let j(l) = -l**3 + 5*l**2 - 4*l + 1. Suppose 2*g + 4 = 4*t, 2*t - g = -4*g + 10. Suppose u - t = 9. Let m = u + -7. What is j(m)?
1
Suppose i = -i + 8. Suppose -i*q = q. Let k(y) = q*y**3 + 3*y - 3*y**2 + y**3 + y**2. Give k(2).
6
Suppose -4 = -7*b + 3. Let n(z) be the first derivative of -b + 3*z - 1/2*z**2. What is n(4)?
-1
Suppose 0 = -c - 0*c + 1. Let r = c + 4. Let t be r/((-15)/9) - -8. Let i(n) = -n**2 + 6*n - 1. Calculate i(t).
4
Let j(l) = -2*l + 2. Suppose 5*b - 16 = 4*b. Suppose -q - 30 = 5*i, q - b = 4*i + 8. What is j(i)?
14
Suppose -4*n - 20 = g, -5*n + 8 = -4*g + 33. Let k(c) = -c + 9. Calculate k(g).
9
Let g(b) = -b**3 + 4*b**2 + b - 2. Let v be g(4). Suppose 2*j = j + 5*s - 11, 0 = 4*j + v*s. Let c(m) = 1 - m + 1 - 5*m - 3. Calculate c(j).
5
Let s(w) = 4*w - 2. Suppose 9*v - 4*v = 0. Suppose 3*n = -v - 9. Calculate s(n).
-14
Suppose 0 = -2*y + 2 - 8. Let d(z) = -z**2 - 3*z - 4. Determine d(y).
-4
Suppose -m + 2*n = -2 - 7, n - 3 = -2*m. Suppose 2*x - 28 = m*x. Let k be 63/x + 2/8. Let f(b) = 4*b + 3. Calculate f(k).
-5
Let p(u) = u + 12. Let j(i) be the third derivative of -1/120*i**6 + i**3 + 2*i**2 + 0 + 0*i + 7/60*i**5 - 7/24*i**4. Let n be j(6). What is p(n)?
12
Let j(m) = -m**3 - 2*m**2 + m - 3. Let q(v) = 5*v - 3. Let g be q(6). Let t be (4/6)/((-6)/g). Calculate j(t).
3
Suppose 0*o = 5*o - 35. Let v(i) = -14*i - 2*i**2 + 6*i**2 + 9 - 3*i**2 + 5*i. Determine v(o).
-5
Let n(i) be the third derivative of -i**7/420 - i**5/120 + i**4/24 - i**3/3 - 4*i**2. Let l(h) be the first derivative of n(h). Give l(1).
-2
Let o(n) = 9 + n**2 + 5 + 8*n - 7. Let k = 46 + -51. What is o(k)?
-8
Suppose 10*c + 24 = 6*c. Suppose 4*h = -3*m + 21 + 2, 0 = -4*h + 8. Let a(b) = 3 + 2*b - 3*b - m*b - b**2. Calculate a(c).
3
Let v(n) = n**2 - 5*n**2 - 6*n + 3*n**2 + 2. Let b(f) = -f**2 + 9*f + 18. Let r be b(11). Let d be r + (-8)/(-4) + -2. Calculate v(d).
10
Let l(n) = -n. Let s(x) = -3*x. Let u be s(1). Let k(q) = q + 1. Let w(i) = u*k(i) + l(i). Determine w(-2).
5
Suppose -4*b = 5*p - p, 3*b = -4*p - 2. Let u(v) = -v - 4*v + 1 - v - v**b + 3*v. Determine u(-2).
3
Let o be ((-40)/(-30))/((-1)/(-6)) - 3. Let z(c) = -c + 4. Calculate z(o).
-1
Let k = 10 + -5. Let q(i) = -7*i**3 + i**2 - 2*i. Let t(c) = -10*c**3 + c**2 - 3*c. Let d(g) = k*t(g) - 7*q(g). Determine d(-1).
0
Suppose 1 = -z + 2. Suppose 17 = -4*w + z. Let b(j) = -5*j + 0*j**3 - 6 + j**3 + 0*j**3 + 3*j**2. What is b(w)?
-2
Let t(j) = -j**3 + 9*j**2 - 8*j + 3. Let d = 74 - 66. Determine t(d).
3
Suppose 0 = -3*k - 22 + 4. Let n(a) be the second derivative of 0 + a + 5/2*a**2 + 1/6*a**3. Calculate n(k).
-1
Let g(d) = -d**2 - 3*d + 2. Let w(i) = i**3 - 7*i**2 + 4*i + 5. Let h be w(6). Let x = h - -3. Determine g(x).
-2
Let g(k) = -k**2 - k + 1. Let d = 3 + 0. Let s(o) = o**2 + 11*o + 13. Let m be s(-9). Let j = d + m. Calculate g(j).
-1
Let f(q) = 1 + 3 - 3*q + 2*q. Let j(t) = 15*t - 15. Let d(c) = -7*c + 8. Let k(b) = -7*d(b) - 3*j(b). Let r(y) = 8*f(y) + 3*k(y). What is r(1)?
3
Let j(y) = 2*y + 2. Let u(v) = 13*v**2 - v. Let k(l) = -l**2. Let q(r) = -2*k(r) + u(r). Let a be q(-1). Let t be (-4)/10 - a/10. Give j(t).
-2
Let f(r) be the third derivative of 5*r**4/24 - 5*r**2. Suppose -5*m = 4*c - 13, 4*m + c = -3 + 9. Determine f(m).
5
Let f(h) = h**2 + 2*h - 1. Let l be f(-4). Let v(m) = -m - m**2 + 2*m**2 - 3*m**3 + l*m**3. What is v(1)?
4
Let q(u) = -13*u - 2. Let g(o) = 15*o + 2. Let i(p) = 3*g(p) + 4*q(p). Give i(-3).
19
Let o(j) be the first derivative of 6*j - 2 - 1/2*j**2. Calculate o(5).
1
Let l(r) = r**2 + 5. Let x be 3/(3/8) - 2. Let n = -6 + x. Determine l(n).
5